= -l*i + 12*i - 161. Calculate the highest common divisor of i and 184.
23
Suppose -3*w = 4*s - 179, -5*w + 2*s + 203 = -2*w. Let b be ((-52)/w)/((-2)/5). Calculate the highest common divisor of 4 and b.
2
Let m(x) = -x**3 + 6*x**2 + 20*x - 8. Suppose -5*w + 6*w = 8. Let g be m(w). What is the highest common factor of 12 and g?
12
Suppose -3*w + 66 = 2*w + r, 0 = w - 5*r - 8. Let h(d) = d**2 - 13*d + 18. Let z be h(w). What is the greatest common factor of 6 and z?
6
Let q be 3/(-5)*(-1 - 4). Suppose -p = q*t + 66, -3 - 3 = 2*p. Let f = -10 - t. What is the highest common divisor of 121 and f?
11
Let k = 6 + -3. Let x be ((-3)/4)/(k/(-12)). Let j be (18/4)/((-1)/(-2)). What is the highest common factor of j and x?
3
Let x be -14*(0 + (-14)/4). Let w = -23 + x. Calculate the highest common divisor of 65 and w.
13
Let x = 60 + 138. Suppose -i = 3*i + 5*l - 53, 3*i + 3*l = 36. Suppose g + x = i*g. What is the highest common factor of 11 and g?
11
Suppose -3*n = -2*t - 2*n + 89, -3*t - 5*n + 127 = 0. Calculate the greatest common factor of t and 66.
22
Let c be (-3 + 21/9)*(-12 + 0). Suppose -c*t + 42 = -t. Calculate the greatest common factor of 3 and t.
3
Let s be (-36 - -1)*(0/(-3) + -3). Let p be 1/(-3 + 320/s). What is the greatest common factor of 84 and p?
21
Suppose -a + 11 = 2*n, 3*a - 3 = 5*n - 14. Let x(r) = r**3 - 5*r**2 + 6*r. Let h be x(4). What is the highest common factor of h and n?
4
Let j(q) = -3*q**2 - 5*q + 34. Let g be j(-4). Calculate the greatest common divisor of g and 9.
3
Let d(f) = 40 + 2*f**2 + 8 + 23*f + 8 + 7. Let t be d(-18). Calculate the greatest common factor of 27 and t.
27
Suppose -2112 = -34*x + 10*x. Calculate the highest common divisor of 616 and x.
88
Suppose 2*y + 15 = -5*u - 0*u, -3*u - 9 = 0. Suppose -7*c + y*c = -1001. Calculate the greatest common divisor of c and 13.
13
Suppose -2*j - 3 = -11. Let u = 71 + -36. Let z be 108/14 - (-10)/u. Calculate the highest common factor of j and z.
4
Let d be 0/3 + 38/1. Suppose -a = 5*k - 24, -3*k + 4*k + 42 = 5*a. Suppose 2*y - 105 = a. What is the greatest common factor of y and d?
19
Suppose -5*y + 200 = -0*y. Let a = -32 + y. Calculate the greatest common factor of 24 and a.
8
Suppose -38*r + 3058 = -3896. What is the greatest common divisor of 671 and r?
61
Let a be (-8)/(-112)*7*18. Calculate the greatest common factor of 576 and a.
9
Let t = 2 - -4. Let b be 4/3 + (-2)/(-3). Suppose 5*d + t*p - 115 = p, 2*d - b*p = 34. What is the highest common divisor of d and 8?
4
Let h = 39 - 24. Let i(d) = -61*d - 1. Let g be i(-1). What is the greatest common factor of h and g?
15
Let l be ((-18)/12)/(3/102). Let i = 86 + l. Let v = -33 + i. Calculate the greatest common divisor of 8 and v.
2
Let o(n) = n**2 + 5*n + 836. Let f be o(0). What is the highest common factor of 11 and f?
11
Suppose -4*x + 2*w + 2080 = 3*w, w + 520 = x. Calculate the greatest common factor of x and 416.
104
Let l = -294 - -304. Calculate the highest common divisor of 140 and l.
10
Let h be (1/1 + -2)*8/(-2). Let i(v) = v**2 - 3*v + 8. Let t be i(h). Calculate the greatest common factor of 6 and t.
6
Let k be (12/(-10))/((-2)/10). Let y = 0 + 0. Suppose -2*i = -y*i - 108. Calculate the greatest common factor of k and i.
6
Suppose 0 = -u - 3*u. Suppose -16 = -2*m - u*m. Let y be 172/14 + 6/(-21). Calculate the greatest common divisor of m and y.
4
Let j be 18 - 2*(-2 + 1). Let c = -519 + 619. What is the greatest common divisor of c and j?
20
Let l(i) = 3*i**3 - 6*i**2 + 5*i - 18. Let m be l(3). What is the greatest common factor of 80 and m?
8
Let x(t) be the first derivative of t**2 - 2*t + 10. Let s be x(4). What is the highest common factor of s and 9?
3
Suppose -k - 514 = -f + 230, 2*f + 8 = 0. Let x be (k/12)/((-2)/6). What is the greatest common factor of x and 17?
17
Let o(h) = 16*h + 65. Let w be o(-4). What is the greatest common divisor of w and 23?
1
Let h = 2 - -4. Let q(w) = w**2 - 7*w + 9. Let f be q(h). Suppose -f*v - 4*a + 3 = 0, -2*a - 3*a = v - 1. What is the greatest common factor of 11 and v?
1
Suppose -4*t + 10 = -2. Suppose 4*s - 142 = -t*c + c, -3*c + 33 = s. What is the greatest common divisor of s and 24?
12
Suppose 5*w = w - 8, 4*i - 162 = 5*w. Calculate the highest common factor of 798 and i.
38
Let w(r) = -r**3 - 13*r**2 - 23*r - 18. Let g be w(-12). Calculate the highest common divisor of g and 152.
38
Let g be -1*16*(-6)/4. Suppose 126*a - 3601 = -577. Calculate the greatest common factor of g and a.
24
Let u(y) = -7*y + 23. Let o be u(5). Let s(g) = g**3 + 14*g**2 + 11*g - 26. Let m be s(o). Calculate the greatest common factor of m and 52.
26
Let j = 161 - 154. Let l be (j*5/70)/(1/310). What is the highest common divisor of 31 and l?
31
Suppose 0 = 2*t - 5 + 285. Let l be (-3)/(-2)*t/(-15). Calculate the highest common divisor of l and 35.
7
Let b be 0/(-4) + (1 - 1). Suppose j = -4*u + 546, b*j - 134 = -u + j. Let z be 17/1*(-2 - -3). What is the highest common divisor of z and u?
17
Suppose 0 = -21*m + 3645 + 555. Calculate the greatest common factor of 160 and m.
40
Let p(n) = -2*n**2 + 68*n - 47. Let c be p(33). Suppose 0 = -4*h + 372 + 312. Calculate the greatest common divisor of h and c.
19
Suppose 302 = 3*u + v, 7 - 103 = -u + 2*v. Suppose u = -h + 3*h. Suppose -5*f + h = 5*c, -5*f - 16 - 15 = -4*c. Calculate the highest common divisor of c and 1.
1
Let a = 56 - 32. Suppose b = 5*p + 212, -3*p + 4*b + 56 = 173. Let d = p + 103. What is the highest common divisor of a and d?
12
Let c = -43 + 83. Let q(t) = -t**3 - 30*t**2 - 29*t + 8. Let l be q(-29). Calculate the greatest common divisor of l and c.
8
Let k(v) = v**3 - 3*v**2 + v - 1. Let r be k(3). Suppose -4*q + 48 = r*q. What is the greatest common divisor of 64 and q?
8
Let z(a) = 14*a - 36. Let s be z(6). Let i(m) = 23*m**3 + m**2 - m. Let l be i(1). Let o = l - 7. Calculate the greatest common divisor of s and o.
16
Let w = 330 - 310. Calculate the highest common factor of 10 and w.
10
Let z be (-1068)/(-10) - 1/(-5). Suppose -z = -2*j + 3. Calculate the greatest common factor of 11 and j.
11
Let k = -1406 + 1433. Suppose 0 = -3*d - 2*o - 0*o + 162, 0 = 2*o. Let i be (d/(-2))/(1/(-8)). Calculate the highest common divisor of i and k.
27
Suppose 0 = -z + 3*u + 29, 2*z - 131 + 52 = -u. Let p be ((-5)/4)/(65/(-1976)). Calculate the greatest common factor of z and p.
38
Suppose x + 0 = 66. Let n = -2 + x. Calculate the highest common divisor of n and 8.
8
Suppose 1774 + 746 = 15*q. Calculate the greatest common divisor of q and 8.
8
Let v(b) = 3*b**2 + 5*b - 29. Let x be v(-5). Calculate the greatest common factor of 147 and x.
21
Suppose -3*n - 2*o + 60 = -0*n, 0 = 2*n + 4*o - 48. Suppose 0 = -b - 0*b + n. What is the highest common factor of b and 36?
18
Suppose -2*p + 1180 = 2*o + 126, 3*p + 9 = 0. Let t be 16/(-32) + o/4. Calculate the greatest common divisor of 12 and t.
12
Let v(l) = -l**2 - 10*l + 176. Let q be v(0). Calculate the highest common factor of 11 and q.
11
Let k be (-20 + 8)*3/(-6) + 84. What is the greatest common factor of 130 and k?
10
Let c = -77 - -79. Suppose -c*w + 2*t = -24, w + 2*t = -t + 12. Calculate the highest common factor of 8 and w.
4
Suppose 0 = -4*p + 8, 3*p - 16 = -w + 2*p. Suppose g - 3*i = -2*g + 168, g = 4*i + 56. What is the greatest common factor of g and w?
14
Suppose -5 = -3*d + 2*i + 49, 0 = -3*d + i + 51. Let f(a) = a**2 - a + 12. Let k be 18*(44/12 - 3). Let p be f(k). What is the highest common factor of p and d?
16
Suppose 6 = 5*j - 2*j. Suppose -4*u + 3*u = h - 49, j*u + h - 99 = 0. What is the highest common factor of 25 and u?
25
Suppose 9 = 2*i - 5*i, 324 = 5*k - 3*i. Suppose 0 = -19*m + 14*m + 215. Suppose -m*p + 27 = -40*p. What is the greatest common divisor of k and p?
9
Let p(v) = 14*v**2 + 3*v - 2. Let s be p(2). Let f = -23 + s. Let d = 67 - f. What is the greatest common factor of 20 and d?
10
Suppose -5*o = 5*u - u - 867, -3*o = -4*u - 501. Suppose 2*s - o + 55 = 0. What is the greatest common factor of s and 145?
29
Let d be (3 - (-33)/(-9))*-54. Suppose -3*q + 2 = -4*j - d, 0 = -4*q + 5*j + 50. What is the highest common divisor of q and 5?
5
Suppose 114*s - 3244 = 3596. Calculate the highest common divisor of s and 768.
12
Suppose 